me factors of 55172.
2, 13, 1061
What are the prime factors of 917?
7, 131
What are the prime factors of 1404?
2, 3, 13
List the prime factors of 46978.
2, 83, 283
List the prime factors of 2547.
3, 283
List the prime factors of 641.
641
List the prime factors of 925.
5, 37
List the prime factors of 26103.
3, 7, 11, 113
What are the prime factors of 6681?
3, 17, 131
List the prime factors of 80521.
7, 11503
What are the prime factors of 129633?
3, 7, 6173
List the prime factors of 956.
2, 239
What are the prime factors of 430?
2, 5, 43
List the prime factors of 13061.
37, 353
List the prime factors of 4259.
4259
List the prime factors of 2302.
2, 1151
What are the prime factors of 73?
73
What are the prime factors of 87039?
3, 19, 509
What are the prime factors of 1759?
1759
List the prime factors of 1660.
2, 5, 83
What are the prime factors of 1588?
2, 397
What are the prime factors of 8534?
2, 17, 251
List the prime factors of 15680.
2, 5, 7
What are the prime factors of 368?
2, 23
List the prime factors of 77.
7, 11
List the prime factors of 1866.
2, 3, 311
What are the prime factors of 3522?
2, 3, 587
List the prime factors of 6120.
2, 3, 5, 17
What are the prime factors of 859?
859
List the prime factors of 92885.
5, 13, 1429
What are the prime factors of 521?
521
What are the prime factors of 296?
2, 37
What are the prime factors of 130559?
11, 13, 83
What are the prime factors of 2312?
2, 17
List the prime factors of 746.
2, 373
What are the prime factors of 2637?
3, 293
What are the prime factors of 1029?
3, 7
What are the prime factors of 14876?
2, 3719
List the prime factors of 2951.
13, 227
List the prime factors of 52603.
41, 1283
List the prime factors of 6284.
2, 1571
List the prime factors of 14007.
3, 7, 23, 29
List the prime factors of 63.
3, 7
List the prime factors of 360.
2, 3, 5
List the prime factors of 159168.
2, 3, 829
What are the prime factors of 1249?
1249
What are the prime factors of 23629?
23629
List the prime factors of 4376.
2, 547
What are the prime factors of 157566?
2, 3, 26261
What are the prime factors of 261?
3, 29
List the prime factors of 9716.
2, 7, 347
What are the prime factors of 26616?
2, 3, 1109
List the prime factors of 2127.
3, 709
List the prime factors of 193371.
3, 43, 1499
List the prime factors of 29595.
3, 5, 1973
What are the prime factors of 2017?
2017
List the prime factors of 4343.
43, 101
List the prime factors of 1019.
1019
List the prime factors of 52264.
2, 47, 139
What are the prime factors of 7330?
2, 5, 733
List the prime factors of 1378.
2, 13, 53
List the prime factors of 43290.
2, 3, 5, 13, 37
What are the prime factors of 30404?
2, 11, 691
What are the prime factors of 2946?
2, 3, 491
List the prime factors of 16508.
2, 4127
What are the prime factors of 1088?
2, 17
What are the prime factors of 36808?
2, 43, 107
What are the prime factors of 2487?
3, 829
List the prime factors of 115803.
3, 4289
What are the prime factors of 437?
19, 23
List the prime factors of 4637.
4637
What are the prime factors of 2388?
2, 3, 199
What are the prime factors of 906?
2, 3, 151
What are the prime factors of 14?
2, 7
List the prime factors of 1213.
1213
What are the prime factors of 5657?
5657
What are the prime factors of 2116?
2, 23
List the prime factors of 4566.
2, 3, 761
List the prime factors of 3959.
37, 107
What are the prime factors of 579?
3, 193
What are the prime factors of 493?
17, 29
List the prime factors of 169.
13
List the prime factors of 104792.
2, 13099
List the prime factors of 4861.
4861
List the prime factors of 11778.
2, 3, 13, 151
What are the prime factors of 3296?
2, 103
List the prime factors of 147.
3, 7
What are the prime factors of 2880?
2, 3, 5
List the prime factors of 30107.
7, 11, 17, 23
What are the prime factors of 13138?
2, 6569
List the prime factors of 81524.
2, 89, 229
List the prime factors of 4802.
2, 7
List the prime factors of 11971.
11971
List the prime factors of 3207.
3, 1069
List the prime factors of 37904.
2, 23, 103
List the prime factors of 456.
2, 3, 19
What are the prime factors of 2809?
53
What are the prime factors of 4935?
3, 5, 7, 47
List the prime factors of 5063.
61, 83
What are the prime factors of 2244?
2, 3, 11, 17
List the prime factors of 3934.
2, 7, 281
What are the prime factors of 2335?
5, 467
List the prime factors of 1381.
1381
List the prime factors of 83712.
2, 3, 109
List the prime factors of 4808.
2, 601
What are the prime factors of 28201?
28201
List the prime factors of 63989.
61, 1049
What are the prime factors of 1180?
2, 5, 59
What are the prime factors of 2173?
41, 53
List the prime factors of 1532.
2, 383
What are the prime factors of 915?
3, 5, 61
List the prime factors of 91864.
2, 11483
What are the prime factors of 22472?
2, 53
List the prime factors of 86039.
97, 887
What are the prime factors of 834?
2, 3, 139
List the prime factors of 5404.
2, 7, 193
What are the prime factors of 103883?
13, 61, 131
List the prime factors of 6447.
3, 7, 307
What are the prime factors of 21570?
2, 3, 5, 719
What are the prime factors of 16117?
71, 227
What are the prime factors of 975?
3, 5, 13
List the prime factors of 1242.
2, 3, 23
List the prime factors of 2050.
2, 5, 41
List the prime factors of 1836.
2, 3, 17
List the prime factors of 3920.
2, 5, 7
List the prime factors of 16536.
2, 3, 13, 53
What are the prime factors of 144244?
2, 36061
What are the prime factors of 63825?
3, 5, 23, 37
List the prime factors of 13356.
2, 3, 7, 53
List the prime factors of 69714.
2, 3, 1291
List the prime factors of 913.
11, 83
What are the prime factors of 26751?
3, 37, 241
List the prime factors of 4449.
3, 1483
What are the prime factors of 81375?
3, 5, 7, 31
What are the prime factors of 806?
2, 13, 31
List the prime factors of 16817.
67, 251
List the prime factors of 9135.
3, 5, 7, 29
List the prime factors of 7163.
13, 19, 29
List the prime factors of 274.
2, 137
List the prime factors of 649.
11, 59
What are the prime factors of 5589?
3, 23
What are the prime factors of 1286?
2, 643
What are the prime factors of 1007?
19, 53
List the prime factors of 20065.
5, 4013
What are the prime factors of 1969?
11, 179
List the prime factors of 6137.
17, 19
List the prime factors of 17575.
5, 19, 37
List the prime factors of 12701.
13, 977
What are the prime factors of 4631?
11, 421
List the prime factors of 1169.
7, 167
What are the prime factors of 19135?
5, 43, 89
List the prime factors of 25739.
7, 3677
List the prime factors of 37378.
2, 11, 1699
List the prime factors of 2963.
2963
What are the prime factors of 616?
2, 7, 11
What are the prime factors of 2733?
3, 911
List the prime factors of 1326.
2, 3, 13, 17
List the prime factors of 3081.
3, 13, 79
What are the prime factors of 3432?
2, 3, 11, 13
What are the prime factors of 3455?
5, 691
List the prime factors of 3210.
2, 3, 5, 107
List the prime factors of 48457.
47, 1031
What are the prime factors of 18401?
18401
List the prime factors of 29853.
3, 31, 107
What are the prime factors of 1134?
2, 3, 7
List the prime factors of 9747.
3, 19
What are the prime factors of 1243?
11, 113
List the prime factors of 2472.
2, 3, 103
What are the prime factors of 10692?
2, 3, 11
What are the prime factors of 183151?
183151
List the prime factors of 2136.
2, 3, 89
List the prime factors of 1576.
2, 197
List the prime factors of 31812.
2, 3, 11, 241
What are the prime factors of 9860?
2, 5, 17, 29
List the prime factors of 58670.
2, 5, 5867
List the prime factors of 5950.
2, 5, 7, 17
What are the prime factors of 1222?
2, 13, 47
What are the prime factors of 14412?
2, 3, 1201
List the prime factors of 844.
2, 211
List the prime factors of 1148.
2, 7, 41
List the prime factors of 47969.
47969
What are the prime factors of 37358?
2, 18679
List the prime factors of 11013.
3, 3671
What are the prime factors of 133?
7, 19
What are the prime factors of 26483?
71, 373
What are the prime factors of 7127?
7127
List the prime factors of 2165.
5, 433
What are the prime factors of 109?
109
List the prime factors of 10141.
10141
What are the prime factors of 1822?
2, 911
List the prime factors of 9205.
5, 7, 263
What are the prime factors of 2931?
3, 977
List the prime factors of 478.
2, 239
Lis